6*i**2 + i + 1. Let r be j(-1). Let t(u) = -3*u - 5*u**2 + 2*u + r*u + u**3 - 1. Give t(4).
3
Let s(x) = -x**2 - 10*x - 2. Let n(c) = c**2 + 10*c + 2. Let q(l) = -3*n(l) - 4*s(l). What is q(-6)?
-22
Let u(f) = 5*f + 1. Let z be u(0). Let n be -4*z/2*6/4. Let q(s) = s - 3. Give q(n).
-6
Let s(c) = 3*c + 5. Let y(r) = r**3 + 12*r**2 + 11*r - 6. Let k(f) = f + 3. Let u be k(-14). Let m be y(u). Determine s(m).
-13
Suppose -2*l + 0*l = -3*m - 22, m + 5*l = 21. Let r = -1 - -3. Let h(b) = 2*b**3 - b**3 - r*b - 7*b**2 + 11*b**2 - 6. What is h(m)?
2
Let f(t) = -7 - 457*t - t**2 - 3 + 447*t. Determine f(-8).
6
Let s(j) = 2*j**2 - j - 1. Let x(z) = 11*z**2 - 8*z - 5. Let t(n) = -5*s(n) + x(n). Give t(6).
18
Let z(y) = -17*y**2 - 2*y + 1. Suppose -6 = -3*q + 6. Suppose -3*f - m = 2*f - 1, 0 = -4*f - q*m - 12. Determine z(f).
-18
Suppose -147*v + 24 = -159*v. Let x(z) = -z**3 - 2*z**2 - 3*z - 3. Determine x(v).
3
Let u(t) = 7*t - 1. Let r be u(1). Let y(g) be the second derivative of g**3 + 0 + 4*g**2 - 7*g - 1/12*g**4. Calculate y(r).
8
Let u(v) be the second derivative of v**4/6 - v**2 + 151*v + 2. Calculate u(3).
16
Suppose 19 = 3*i + o, -2*i + 3*i + 5*o - 11 = 0. Let r(t) = -t + 8. What is r(i)?
2
Let g(c) = 1 + 24*c - 2 - 22*c + 0. Let v(w) = -8*w + 9. Let q(r) = 3*g(r) + v(r). Determine q(5).
-4
Let b(o) = -o**3 + 9*o**2 - o + 15. Let g be b(9). Let t be g + (-2 - (3 + -2)). Let m(p) = p + 1. Calculate m(t).
4
Suppose -l = 4*f - 20, l + 2*l = 3*f - 15. Let x be -2 + 5 + l + 0. Let c(a) = a**x - a - 3 - 4 + 6. Give c(-2).
-7
Let g(n) = -7*n**2 + 10*n - 5. Let v(i) = -5 + 10*i - 2 + 5*i - 10*i**2. Let d(h) = -7*g(h) + 5*v(h). What is d(5)?
0
Let n(q) be the first derivative of -q**3/6 - 3*q**2 + 5*q - 13. Let o(v) be the first derivative of n(v). Determine o(6).
-12
Let b be 614/307 + -1 + -7*1. Let x(d) = d**3 + 9*d**2 + 8*d - 5. Let q(u) = -u**2 - u. Let o(z) = 2*q(z) + x(z). Calculate o(b).
-5
Let s(q) be the second derivative of q**3/6 - q**2 - 12*q + 3. Suppose -2*k - 16 = -3*i, 0 = k + 3*k - 4. Give s(i).
4
Let t(p) be the first derivative of -p**4/4 - 2*p**3 - 5*p**2/2 - 4*p - 13. What is t(-5)?
-4
Let f(c) = -c. Let h(q) = q**2 - 12*q + 3. Let x be ((-36)/(-6))/18*(2 - 5). Let v(u) = x*h(u) + 5*f(u). What is v(5)?
7
Let m be (-6)/4*24/(-9). Let x(v) = -1 + m*v - v - 6*v - 3*v. Determine x(-1).
5
Let j(x) be the second derivative of x**3/3 - 7*x**2/2 - 742*x. Give j(-4).
-15
Let x(w) = -3*w**2 + 4 - 2 + 3*w**3 - 3*w**3 + w**3. Calculate x(3).
2
Let p(c) = c**3 + 8*c**2 + 3*c**2 - 6*c**2 - 10*c + 4*c**2 - 5. Determine p(-10).
-5
Suppose -9 = -5*o + 6. Let b(g) = -g**3 - 2*g**2 + 0*g + 2*g**o - 1 + g + g. What is b(2)?
3
Let t be ((-12)/15)/(2/(-95)). Suppose 5*l - t = -13. Let i(v) be the third derivative of -v**4/24 + 14*v**2. Calculate i(l).
-5
Let h(l) = -2 + 1 - l - 7 + 0. Calculate h(0).
-8
Let w(m) = 3*m - 5. Let c = -58 + 46. Let q(d) = -d**2 + 6*d - 8. Let h be q(6). Let v = h - c. What is w(v)?
7
Let q(g) = -6*g - 3. Suppose -2*l + 5 = -l. Let p(h) = -4*h - 2. Let s(z) = l*q(z) - 7*p(z). Suppose 0 = 7*o - 8*o + 6. Calculate s(o).
-13
Let x(t) = 14 + 11*t + t - 20. Let q be x(1). Let j(d) = d**3 - 7*d**2 + 7*d - 8. What is j(q)?
-2
Let b(i) = -424*i**3 - i**2 + 4*i**2 + 3*i + 412*i**3 - i. Determine b(-1).
13
Let g(n) = -n**2 - 2. Let l be (-287)/91 - 10/(-65). What is g(l)?
-11
Let i(k) = 0*k - 74811 - k + 74812. What is i(12)?
-11
Let h(s) = s**3 - 11*s**2 - 5*s + 3. Let m(o) = -2*o**2 + o - 1. Let x(p) = -h(p) + 3*m(p). Let n be (8/(-2))/(4/(-6)). What is x(n)?
6
Let j(v) = -10*v**2 + v + 2. Let b(c) = -2*c**2 - c - 1. Let i(r) = -b(r) - j(r). Determine i(-1).
11
Let m(w) be the first derivative of -w**3/3 + 11*w**2/2 + 12*w + 16. Determine m(10).
22
Let q(k) = k**3 - 2*k**2 + k - 2. Let o = 2 + 1. Suppose -2*b - a + 9 = -5*b, -2*a - 18 = o*b. Let p be 24/15 - b/10. Give q(p).
0
Let r(f) = -f**3 + 5*f**2 + 5*f. Suppose -4 + 76 = 12*v. Give r(v).
-6
Let x(j) = j + 1. Suppose -2*o = -0*t - 2*t, t = -3*o + 8. Let s(f) = 2*f**2 - 6*f**o - 28*f + 27*f. Let d be s(1). Give x(d).
-4
Let m(o) = o**2 + 2*o + 1. Let a be 6 - ((-2 - -4) + 0). Suppose -a*k + 16 = -4*i, 4*i + 4 = -k - 2. What is m(k)?
9
Let o(r) = r**2 + 29*r + 87. Let a be o(-26). Let v(q) = q**3 - 8*q**2 - 6*q - 3. Calculate v(a).
24
Let f be -4 + (-8 - -4 - -4). Let b be ((3 - 1)/f)/(33/66). Let j(r) = -9*r**2 - 1. What is j(b)?
-10
Let n(g) = g**3 + 17*g**2 - 21*g - 20. Let r be n(-18). Suppose h = b - 26, -3*b - 42 = 2*h + 15. Let v = r + h. Let u(k) = k**2 - 5*k - 6. Calculate u(v).
8
Let f(l) = -7 - 17*l + 6*l - 19*l**3 + 18*l**3 - 13*l**2. Determine f(-12).
-19
Let i(o) = -19*o + 3. Let t(q) = 13*q - 2. Let a(x) = -5*i(x) - 8*t(x). Suppose 0 = d - 9 + 8. What is a(d)?
-8
Let l(j) be the first derivative of -2 + 1/3*j**3 + 4*j + 4*j**2. Let t be ((-13)/((-91)/(-84)))/(6/4). Calculate l(t).
4
Let y(q) = -q**3 + 10*q**2 + 2*q - 14. Let c(t) = -2*t - 32. Let i be c(-21). Let p be y(i). Let v(d) = d - 8. Determine v(p).
-2
Let t(a) = a**2 + 3*a. Suppose 0 = 8*b + 48 + 192. Let l be 20/b - (-10)/(-3). Give t(l).
4
Suppose 581 = -12*d + 497. Let t(q) = -q**2 - 2*q + 22. Calculate t(d).
-13
Let j(i) = 25*i + 12. Let t(u) = -37*u - 17. Let d(h) = -7*j(h) - 5*t(h). Determine d(-1).
-9
Let g(o) = o**3 + 5*o**2 - 8*o + 1. Suppose 30*z + 168 = 6*z. Give g(z).
-41
Suppose -3*a = -7 - 8. Let n(k) = -4*k**2 - 16*k - 3. Let f(p) = 3*p**2 + 14*p + 2. Let o(d) = -5*f(d) - 4*n(d). Calculate o(a).
-3
Let m(f) = 5*f**2 + 4 + f**2 - 4*f**2 + 19 + 13*f. Let v(z) = -3*z**2 - 20*z - 34. Let q be (-130)/18 + 2/9. Let j(b) = q*m(b) - 5*v(b). Determine j(-6).
-9
Let w(j) be the first derivative of 2*j**2 + j - 82. Suppose -3*b = -3*y - 12, 0*b + 17 = -2*b - 3*y. Let o = b + -1. Determine w(o).
-7
Let l(i) = 11*i**3 + 19*i**2 - i + 6. Let q(n) = -5*n**3 - 9*n**2 + n - 3. Let u(x) = -4*l(x) - 9*q(x). Let b = 199 - 149. Let r = b - 56. What is u(r)?
-3
Let i = -13 + 6. Let v(h) = 4*h + 10. Let k(x) = -3*x - 10. Let o(p) = -3*k(p) - 2*v(p). Give o(i).
3
Let u(k) = 3*k - 1. Suppose -4*j + 32 = 120*o - 125*o, 5*o + 20 = 0. What is u(j)?
8
Let l(b) = 2*b**2 - 8*b + 7. Let p(j) = -3*j**2 + 15*j - 14. Let w(z) = 5*l(z) + 3*p(z). Determine w(-6).
-1
Let v(t) = -2*t**2 - 4*t**2 - 1 + 10*t - 98*t**3 + 9*t**2 + 97*t**3. What is v(5)?
-1
Let g be -2*81/6 + 10. Let d(w) = w**3 + 17*w**2 + 10. Determine d(g).
10
Let v(q) = -q - 2. Let i(x) = -x - 3. Let h(s) = -5*i(s) + 6*v(s). Let l = 95 - 95. Give h(l).
3
Suppose -35 = 4*f - 11*f. Let v(h) = -h**2 + 6*h - 5. Calculate v(f).
0
Let m(f) be the first derivative of f**6/120 + f**5/20 - f**4/24 - f**3/3 + f**2 + 6. Let g(i) be the second derivative of m(i). Calculate g(-4).
-14
Let r(v) be the first derivative of v**2/2 + 3*v + 406. Determine r(-5).
-2
Let j(c) = 22*c**2 + 2*c + 1. Let k be j(-1). Let g = k + -19. Let r(d) = -2*d**2 + d + 1. Give r(g).
-5
Let v(k) = k**2 + 5*k - 6. Let x be v(-6). Suppose 0 = -2*s + 3*s. Let q(h) = -h**2 + 3*h - 3 + s - 4*h - 2. Give q(x).
-5
Let l(y) = 12*y + 4. Let b = 1746 + -1751. Calculate l(b).
-56
Let l(b) = -b**3 + 10*b**2 + 20*b - 14. Let v(t) = -t**3 + 10*t**2 + 21*t - 16. Let k(f) = 6*l(f) - 5*v(f). What is k(11)?
40
Let f(u) = -u**2 - u + 122. Let w be f(-11). Let g(a) = 2*a - 9. Determine g(w).
15
Let a(b) = 2*b - 3*b + 3*b - 3*b + 4. Suppose 2*z - 2*j - 16 = 0, 15 = 5*z - 4*j - 20. Suppose z*s + 0 = 12. Determine a(s).
0
Suppose -l = 4 - 0. Let h(x) = -18*x - 2 + 11*x + 6 + 16*x. Determine h(l).
-32
Let h(w) = -w + 2. Suppose -24*l = 375 - 39. Suppose 2*c + 3*g + 19 = 0, -2*c - 35 = 3*c - 5*g. Let a = l - c. What is h(a)?
8
Let a(k) = 1 - 98*k - 2 - 100*k + 193*k. Let w be (2 + (-5)/2)*2. Calculate a(w).
4
Let m(d) be the third derivative of 17*d**6/120 - d**4/24 - d**3/3 + 75*d**2. Determine m(-1).
-18
Suppose 0 = 5*m - 20, 3*m + m - 21 = -5*c. Let i(n) be the second derivative of -1/6*n**3 + 1/12*n**4 + 0 - 14*n + 1/20*n**5 + 1/2*n**2. What is i(c)?
2
Let w(v) = -23*v**2 - 5*v + 28. Let f(a) = -10*a**2 - 2*a + 14. Let b(t) = -7*f(t) + 3*w(t). Calculate b(0).
-14
Let l(a) = a. Let c(u) = -4*u. Suppose -2*y = 4*j + 76, -2 + 28 = -2*j - 4*y. Let r be (-8)/7 + (-3)/j. Let s be c(r). What is l(s)?
4
Let j be (2/(-8))/((